{"id":8,"date":"2024-09-15T21:02:06","date_gmt":"2024-09-15T21:02:06","guid":{"rendered":"https:\/\/speravi.com.hr\/index.php\/kosarica\/"},"modified":"2024-11-17T22:27:23","modified_gmt":"2024-11-17T22:27:23","slug":"kosarica","status":"publish","type":"page","link":"https:\/\/speravi.com.hr\/index.php\/kosarica\/","title":{"rendered":"Ko\u0161arica"},"content":{"rendered":"<div data-block-name=\"woocommerce\/cart\" class=\"wp-block-woocommerce-cart alignwide is-loading\"><div data-block-name=\"woocommerce\/filled-cart-block\" class=\"wp-block-woocommerce-filled-cart-block\"><div data-block-name=\"woocommerce\/cart-items-block\" class=\"wp-block-woocommerce-cart-items-block\"><div data-block-name=\"woocommerce\/cart-line-items-block\" class=\"wp-block-woocommerce-cart-line-items-block\"><\/div>\n\n<div data-block-name=\"woocommerce\/cart-cross-sells-block\" class=\"wp-block-woocommerce-cart-cross-sells-block\"><h2 class=\"wp-block-heading has-large-font-size\">Moglo bi vas zanimati&#8230;<\/h2>\n\n<div data-block-name=\"woocommerce\/cart-cross-sells-products-block\" class=\"wp-block-woocommerce-cart-cross-sells-products-block\"><\/div><\/div><\/div>\n\n<div data-block-name=\"woocommerce\/cart-totals-block\" class=\"wp-block-woocommerce-cart-totals-block\"><div data-block-name=\"woocommerce\/cart-order-summary-block\" class=\"wp-block-woocommerce-cart-order-summary-block\"><div data-block-name=\"woocommerce\/cart-order-summary-heading-block\" class=\"wp-block-woocommerce-cart-order-summary-heading-block\"><\/div><div data-block-name=\"woocommerce\/cart-order-summary-coupon-form-block\" class=\"wp-block-woocommerce-cart-order-summary-coupon-form-block\"><\/div><div data-block-name=\"woocommerce\/cart-order-summary-totals-block\" class=\"wp-block-woocommerce-cart-order-summary-totals-block\">\n<div data-block-name=\"woocommerce\/cart-order-summary-subtotal-block\" class=\"wp-block-woocommerce-cart-order-summary-subtotal-block\"><\/div>\n<div data-block-name=\"woocommerce\/cart-order-summary-discount-block\" class=\"wp-block-woocommerce-cart-order-summary-discount-block\"><\/div>\n<div data-block-name=\"woocommerce\/cart-order-summary-fee-block\" class=\"wp-block-woocommerce-cart-order-summary-fee-block\"><\/div>\n<div data-block-name=\"woocommerce\/cart-order-summary-shipping-block\" class=\"wp-block-woocommerce-cart-order-summary-shipping-block\"><\/div>\n<div data-block-name=\"woocommerce\/cart-order-summary-taxes-block\" class=\"wp-block-woocommerce-cart-order-summary-taxes-block\"><\/div><\/div><\/div>\n\n<div data-block-name=\"woocommerce\/cart-express-payment-block\" class=\"wp-block-woocommerce-cart-express-payment-block\"><\/div>\n\n<div data-block-name=\"woocommerce\/proceed-to-checkout-block\" class=\"wp-block-woocommerce-proceed-to-checkout-block\"><\/div>\n\n<div data-block-name=\"woocommerce\/cart-accepted-payment-methods-block\" class=\"wp-block-woocommerce-cart-accepted-payment-methods-block\"><\/div><\/div><\/div>\n\n<div data-block-name=\"woocommerce\/empty-cart-block\" class=\"wp-block-woocommerce-empty-cart-block\"><h2 class=\"wp-block-heading has-text-align-center with-empty-cart-icon wc-block-cart__empty-cart__title\">Va\u0161a ko\u0161arica je trenutno prazna!<\/h2>\n\n<hr class=\"wp-block-separator has-alpha-channel-opacity is-style-dots\"\/>\n\n<h2 class=\"wp-block-heading has-text-align-center\">Novo u trgovini<\/h2>\n\n<div data-block-name=\"woocommerce\/product-new\" data-columns=\"4\" data-rows=\"1\" class=\"wc-block-grid wp-block-product-new wc-block-product-new has-4-columns\"><ul class=\"wc-block-grid__products\"><li class=\"wc-block-grid__product\">\n\t\t\t\t<a href=\"https:\/\/speravi.com.hr\/index.php\/proizvod\/isus-u-mojem-danu-pisi-brisi-hrvatske-narodne-molitvice\/\" class=\"wc-block-grid__product-link\">\n\t\t\t\t\t\n\t\t\t\t\t<div class=\"wc-block-grid__product-image\"><img loading=\"lazy\" decoding=\"async\" width=\"300\" height=\"300\" src=\"https:\/\/speravi.com.hr\/wp-content\/uploads\/2025\/07\/1-Ivo-300x300.jpg\" class=\"attachment-woocommerce_thumbnail size-woocommerce_thumbnail\" alt=\"Isus u mojem danu - pi\u0161i-bri\u0161i hrvatske narodne molitvice\" srcset=\"https:\/\/speravi.com.hr\/wp-content\/uploads\/2025\/07\/1-Ivo-300x300.jpg 300w, https:\/\/speravi.com.hr\/wp-content\/uploads\/2025\/07\/1-Ivo-150x150.jpg 150w, https:\/\/speravi.com.hr\/wp-content\/uploads\/2025\/07\/1-Ivo-100x100.jpg 100w\" sizes=\"auto, (max-width: 300px) 100vw, 300px\" \/><\/div>\n\t\t\t\t\t<div class=\"wc-block-grid__product-title\">Isus u mojem danu &#8211; pi\u0161i-bri\u0161i hrvatske narodne molitvice<\/div>\n\t\t\t\t<\/a>\n\t\t\t\t<div class=\"wc-block-grid__product-price price\"><span class=\"woocommerce-Price-amount amount\">10,00&nbsp;<span class=\"woocommerce-Price-currencySymbol\">&euro;<\/span><\/span><\/div>\n\t\t\t\t\n\t\t\t\t<div class=\"wp-block-button wc-block-grid__product-add-to-cart\"><a href=\"?add-to-cart=467\" aria-label=\"Add to cart: &ldquo;Isus u mojem danu - pi\u0161i-bri\u0161i hrvatske narodne molitvice&rdquo;\" data-quantity=\"1\" data-product_id=\"467\" data-product_sku=\"\" data-price=\"10\" rel=\"nofollow\" class=\"wp-block-button__link wp-element-button add_to_cart_button ajax_add_to_cart\">Dodaj u ko\u0161aricu<\/a><\/div>\n\t\t\t<\/li><li class=\"wc-block-grid__product\">\n\t\t\t\t<a href=\"https:\/\/speravi.com.hr\/index.php\/proizvod\/nestasni-ljesnjak-vjeverice-ancice\/\" class=\"wc-block-grid__product-link\">\n\t\t\t\t\t\n\t\t\t\t\t<div class=\"wc-block-grid__product-image\"><img loading=\"lazy\" decoding=\"async\" width=\"300\" height=\"300\" src=\"https:\/\/speravi.com.hr\/wp-content\/uploads\/2025\/02\/Ancica-naslovnica-300x300.png\" class=\"attachment-woocommerce_thumbnail size-woocommerce_thumbnail\" alt=\"Nesta\u0161ni lje\u0161njak vjeverice An\u010dice\" srcset=\"https:\/\/speravi.com.hr\/wp-content\/uploads\/2025\/02\/Ancica-naslovnica-300x300.png 300w, https:\/\/speravi.com.hr\/wp-content\/uploads\/2025\/02\/Ancica-naslovnica-150x150.png 150w, https:\/\/speravi.com.hr\/wp-content\/uploads\/2025\/02\/Ancica-naslovnica-100x100.png 100w\" sizes=\"auto, (max-width: 300px) 100vw, 300px\" \/><\/div>\n\t\t\t\t\t<div class=\"wc-block-grid__product-title\">Nesta\u0161ni lje\u0161njak vjeverice An\u010dice<\/div>\n\t\t\t\t<\/a>\n\t\t\t\t<div class=\"wc-block-grid__product-price price\"><span class=\"woocommerce-Price-amount amount\">10,00&nbsp;<span class=\"woocommerce-Price-currencySymbol\">&euro;<\/span><\/span><\/div>\n\t\t\t\t\n\t\t\t\t<div class=\"wp-block-button wc-block-grid__product-add-to-cart\"><a href=\"?add-to-cart=428\" aria-label=\"Add to cart: &ldquo;Nesta\u0161ni lje\u0161njak vjeverice An\u010dice&rdquo;\" data-quantity=\"1\" data-product_id=\"428\" data-product_sku=\"\" data-price=\"10\" rel=\"nofollow\" class=\"wp-block-button__link wp-element-button add_to_cart_button ajax_add_to_cart\">Dodaj u ko\u0161aricu<\/a><\/div>\n\t\t\t<\/li><li class=\"wc-block-grid__product\">\n\t\t\t\t<a href=\"https:\/\/speravi.com.hr\/index.php\/proizvod\/velika-tajna-cudesnog-otoka\/\" class=\"wc-block-grid__product-link\">\n\t\t\t\t\t\n\t\t\t\t\t<div class=\"wc-block-grid__product-image\"><img loading=\"lazy\" decoding=\"async\" width=\"300\" height=\"300\" src=\"https:\/\/speravi.com.hr\/wp-content\/uploads\/2024\/11\/Velika-tajna-naslovnica-300x300.png\" class=\"attachment-woocommerce_thumbnail size-woocommerce_thumbnail\" alt=\"Velika tajna \u010dudesnog otoka\" srcset=\"https:\/\/speravi.com.hr\/wp-content\/uploads\/2024\/11\/Velika-tajna-naslovnica-300x300.png 300w, https:\/\/speravi.com.hr\/wp-content\/uploads\/2024\/11\/Velika-tajna-naslovnica-150x150.png 150w, https:\/\/speravi.com.hr\/wp-content\/uploads\/2024\/11\/Velika-tajna-naslovnica-100x100.png 100w\" sizes=\"auto, (max-width: 300px) 100vw, 300px\" \/><\/div>\n\t\t\t\t\t<div class=\"wc-block-grid__product-title\">Velika tajna \u010dudesnog otoka<\/div>\n\t\t\t\t<\/a>\n\t\t\t\t<div class=\"wc-block-grid__product-price price\"><span class=\"woocommerce-Price-amount amount\">15,60&nbsp;<span class=\"woocommerce-Price-currencySymbol\">&euro;<\/span><\/span><\/div>\n\t\t\t\t\n\t\t\t\t<div class=\"wp-block-button wc-block-grid__product-add-to-cart\"><a href=\"?add-to-cart=85\" aria-label=\"Add to cart: &ldquo;Velika tajna \u010dudesnog otoka&rdquo;\" data-quantity=\"1\" data-product_id=\"85\" data-product_sku=\"\" data-price=\"15.6\" rel=\"nofollow\" class=\"wp-block-button__link wp-element-button add_to_cart_button ajax_add_to_cart\">Dodaj u ko\u0161aricu<\/a><\/div>\n\t\t\t<\/li><\/ul><\/div><\/div><\/div>","protected":false},"excerpt":{"rendered":"","protected":false},"author":1,"featured_media":0,"parent":0,"menu_order":0,"comment_status":"closed","ping_status":"closed","template":"","meta":{"footnotes":""},"class_list":["post-8","page","type-page","status-publish","hentry"],"yoast_head":"<!-- This site is optimized with the Yoast SEO plugin v23.4 - https:\/\/yoast.com\/wordpress\/plugins\/seo\/ -->\n<title>Ko\u0161arica - Speravi<\/title>\n<meta name=\"robots\" content=\"index, follow, max-snippet:-1, max-image-preview:large, max-video-preview:-1\" \/>\n<link rel=\"canonical\" href=\"https:\/\/speravi.com.hr\/index.php\/kosarica\/\" \/>\n<meta property=\"og:locale\" content=\"hr_HR\" \/>\n<meta property=\"og:type\" content=\"article\" \/>\n<meta property=\"og:title\" content=\"Ko\u0161arica - Speravi\" \/>\n<meta property=\"og:url\" content=\"https:\/\/speravi.com.hr\/index.php\/kosarica\/\" \/>\n<meta property=\"og:site_name\" content=\"Speravi\" \/>\n<meta property=\"article:modified_time\" content=\"2024-11-17T22:27:23+00:00\" \/>\n<meta name=\"twitter:card\" content=\"summary_large_image\" \/>\n<script type=\"application\/ld+json\" class=\"yoast-schema-graph\">{\"@context\":\"https:\/\/schema.org\",\"@graph\":[{\"@type\":\"WebPage\",\"@id\":\"https:\/\/speravi.com.hr\/index.php\/kosarica\/\",\"url\":\"https:\/\/speravi.com.hr\/index.php\/kosarica\/\",\"name\":\"Ko\u0161arica - Speravi\",\"isPartOf\":{\"@id\":\"https:\/\/speravi.com.hr\/#website\"},\"datePublished\":\"2024-09-15T21:02:06+00:00\",\"dateModified\":\"2024-11-17T22:27:23+00:00\",\"breadcrumb\":{\"@id\":\"https:\/\/speravi.com.hr\/index.php\/kosarica\/#breadcrumb\"},\"inLanguage\":\"hr\",\"potentialAction\":[{\"@type\":\"ReadAction\",\"target\":[\"https:\/\/speravi.com.hr\/index.php\/kosarica\/\"]}]},{\"@type\":\"BreadcrumbList\",\"@id\":\"https:\/\/speravi.com.hr\/index.php\/kosarica\/#breadcrumb\",\"itemListElement\":[{\"@type\":\"ListItem\",\"position\":1,\"name\":\"Po\u010detna stranica\",\"item\":\"https:\/\/speravi.com.hr\/\"},{\"@type\":\"ListItem\",\"position\":2,\"name\":\"Ko\u0161arica\"}]},{\"@type\":\"WebSite\",\"@id\":\"https:\/\/speravi.com.hr\/#website\",\"url\":\"https:\/\/speravi.com.hr\/\",\"name\":\"Speravi\",\"description\":\"U\u010dimo malene da su istinski veliki.\",\"publisher\":{\"@id\":\"https:\/\/speravi.com.hr\/#organization\"},\"potentialAction\":[{\"@type\":\"SearchAction\",\"target\":{\"@type\":\"EntryPoint\",\"urlTemplate\":\"https:\/\/speravi.com.hr\/?s={search_term_string}\"},\"query-input\":{\"@type\":\"PropertyValueSpecification\",\"valueRequired\":true,\"valueName\":\"search_term_string\"}}],\"inLanguage\":\"hr\"},{\"@type\":\"Organization\",\"@id\":\"https:\/\/speravi.com.hr\/#organization\",\"name\":\"Speravi\",\"url\":\"https:\/\/speravi.com.hr\/\",\"logo\":{\"@type\":\"ImageObject\",\"inLanguage\":\"hr\",\"@id\":\"https:\/\/speravi.com.hr\/#\/schema\/logo\/image\/\",\"url\":\"https:\/\/speravi.com.hr\/wp-content\/uploads\/2024\/09\/Speravi-logo.jpg\",\"contentUrl\":\"https:\/\/speravi.com.hr\/wp-content\/uploads\/2024\/09\/Speravi-logo.jpg\",\"width\":695,\"height\":688,\"caption\":\"Speravi\"},\"image\":{\"@id\":\"https:\/\/speravi.com.hr\/#\/schema\/logo\/image\/\"}}]}<\/script>\n<!-- \/ Yoast SEO plugin. -->","yoast_head_json":{"title":"Ko\u0161arica - Speravi","robots":{"index":"index","follow":"follow","max-snippet":"max-snippet:-1","max-image-preview":"max-image-preview:large","max-video-preview":"max-video-preview:-1"},"canonical":"https:\/\/speravi.com.hr\/index.php\/kosarica\/","og_locale":"hr_HR","og_type":"article","og_title":"Ko\u0161arica - Speravi","og_url":"https:\/\/speravi.com.hr\/index.php\/kosarica\/","og_site_name":"Speravi","article_modified_time":"2024-11-17T22:27:23+00:00","twitter_card":"summary_large_image","schema":{"@context":"https:\/\/schema.org","@graph":[{"@type":"WebPage","@id":"https:\/\/speravi.com.hr\/index.php\/kosarica\/","url":"https:\/\/speravi.com.hr\/index.php\/kosarica\/","name":"Ko\u0161arica - Speravi","isPartOf":{"@id":"https:\/\/speravi.com.hr\/#website"},"datePublished":"2024-09-15T21:02:06+00:00","dateModified":"2024-11-17T22:27:23+00:00","breadcrumb":{"@id":"https:\/\/speravi.com.hr\/index.php\/kosarica\/#breadcrumb"},"inLanguage":"hr","potentialAction":[{"@type":"ReadAction","target":["https:\/\/speravi.com.hr\/index.php\/kosarica\/"]}]},{"@type":"BreadcrumbList","@id":"https:\/\/speravi.com.hr\/index.php\/kosarica\/#breadcrumb","itemListElement":[{"@type":"ListItem","position":1,"name":"Po\u010detna stranica","item":"https:\/\/speravi.com.hr\/"},{"@type":"ListItem","position":2,"name":"Ko\u0161arica"}]},{"@type":"WebSite","@id":"https:\/\/speravi.com.hr\/#website","url":"https:\/\/speravi.com.hr\/","name":"Speravi","description":"U\u010dimo malene da su istinski veliki.","publisher":{"@id":"https:\/\/speravi.com.hr\/#organization"},"potentialAction":[{"@type":"SearchAction","target":{"@type":"EntryPoint","urlTemplate":"https:\/\/speravi.com.hr\/?s={search_term_string}"},"query-input":{"@type":"PropertyValueSpecification","valueRequired":true,"valueName":"search_term_string"}}],"inLanguage":"hr"},{"@type":"Organization","@id":"https:\/\/speravi.com.hr\/#organization","name":"Speravi","url":"https:\/\/speravi.com.hr\/","logo":{"@type":"ImageObject","inLanguage":"hr","@id":"https:\/\/speravi.com.hr\/#\/schema\/logo\/image\/","url":"https:\/\/speravi.com.hr\/wp-content\/uploads\/2024\/09\/Speravi-logo.jpg","contentUrl":"https:\/\/speravi.com.hr\/wp-content\/uploads\/2024\/09\/Speravi-logo.jpg","width":695,"height":688,"caption":"Speravi"},"image":{"@id":"https:\/\/speravi.com.hr\/#\/schema\/logo\/image\/"}}]}},"_links":{"self":[{"href":"https:\/\/speravi.com.hr\/index.php\/wp-json\/wp\/v2\/pages\/8","targetHints":{"allow":["GET"]}}],"collection":[{"href":"https:\/\/speravi.com.hr\/index.php\/wp-json\/wp\/v2\/pages"}],"about":[{"href":"https:\/\/speravi.com.hr\/index.php\/wp-json\/wp\/v2\/types\/page"}],"author":[{"embeddable":true,"href":"https:\/\/speravi.com.hr\/index.php\/wp-json\/wp\/v2\/users\/1"}],"replies":[{"embeddable":true,"href":"https:\/\/speravi.com.hr\/index.php\/wp-json\/wp\/v2\/comments?post=8"}],"version-history":[{"count":1,"href":"https:\/\/speravi.com.hr\/index.php\/wp-json\/wp\/v2\/pages\/8\/revisions"}],"predecessor-version":[{"id":321,"href":"https:\/\/speravi.com.hr\/index.php\/wp-json\/wp\/v2\/pages\/8\/revisions\/321"}],"wp:attachment":[{"href":"https:\/\/speravi.com.hr\/index.php\/wp-json\/wp\/v2\/media?parent=8"}],"curies":[{"name":"wp","href":"https:\/\/api.w.org\/{rel}","templated":true}]}}