{"id":467,"date":"2025-07-21T13:35:36","date_gmt":"2025-07-21T13:35:36","guid":{"rendered":"https:\/\/speravi.com.hr\/?post_type=product&#038;p=467"},"modified":"2025-11-26T01:16:09","modified_gmt":"2025-11-26T01:16:09","slug":"isus-u-mojem-danu-pisi-brisi-hrvatske-narodne-molitvice","status":"publish","type":"product","link":"https:\/\/speravi.com.hr\/index.php\/proizvod\/isus-u-mojem-danu-pisi-brisi-hrvatske-narodne-molitvice\/","title":{"rendered":"Isus u mojem danu &#8211; pi\u0161i-bri\u0161i hrvatske narodne molitvice"},"content":{"rendered":"<p>Slikovnica <strong><em><b><i>Isus u mojem danu<\/i><\/b><\/em><\/strong><strong><b>\u00a0<\/b><\/strong>najmla\u0111ima od najmla\u0111ih <strong><b>(od 2. godine do pred\u0161kolskog uzrasta)<\/b><\/strong>\u00a0pru\u017ea priliku od prvih dana \u017eivota razvijati molitveni odnos s Bogom, ali i svoje intelektualne sposobnosti te svijest o hrvatskoj jezi\u010dno-kulturnoj ba\u0161tini.<\/p>\n<p>Ovo vam izdanje donosi:<\/p>\n<ul>\n<li><b><\/b><strong><b>tekstove izabranih kratkih rimovanih hrvatskih narodnih molitvica preno\u0161enih generacijama usmenom predajom <\/b><\/strong>(jutarnja, ve\u010dernja, molitvica prije jela, molitvica Isusu, Bla\u017eenoj Djevici Mariji i an\u0111elu \u010duvaru),<\/li>\n<li><b><\/b><strong><b>pripadaju\u0107e pi\u0161i-bri\u0161i elemente na svakoj stranici <\/b><\/strong>(za razvoj molitvene svijesti i intelektualnih sposobnosti),<\/li>\n<li><b><\/b><strong><b>umjetni\u010dku pri\u010du o malom Ivi i njegovom danu s Isusom te pripadaju\u0107i strip <\/b><\/strong>sastavljen od dje\u010djih crte\u017ea.<\/li>\n<\/ul>\n<p><strong><b>Pi\u0161i-bri\u0161i elementi koji su prisutni na svakoj stranici slikovnice ispunjavaju se obi\u010dnim flomasterom <\/b><\/strong>(bilo kojim osim trajnim markerom) ili kemijskom olovkom, a <strong><b>bri\u0161u svakim komadi\u0107em tkanine<\/b><\/strong>, spu\u017evicom ili papirnatom maramicom. <strong><b>Zadaci se stoga mogu rje\u0161avati uvijek iznova<\/b><\/strong>, ovisno o interesu i sposobnostima mladih \u010ditatelja.<\/p>\n","protected":false},"excerpt":{"rendered":"<p>Pi\u0161i-bri\u0161i slikovnica <strong><em><b><i>Isus u mojem danu<\/i><\/b><\/em><\/strong><strong><b>\u00a0<\/b><\/strong>najmla\u0111ima od najmla\u0111ih <strong><b>(od 2. godine do pred\u0161kolskog uzrasta)<\/b><\/strong>\u00a0pru\u017ea priliku od prvih dana \u017eivota razvijati molitveni odnos s Bogom, ali i svoje intelektualne sposobnosti te svijest o hrvatskoj jezi\u010dno-kulturnoj ba\u0161tini.<\/p>\n","protected":false},"featured_media":468,"comment_status":"open","ping_status":"closed","template":"","meta":[],"product_cat":[24],"product_tag":[],"class_list":{"0":"post-467","1":"product","2":"type-product","3":"status-publish","4":"has-post-thumbnail","6":"product_cat-uzrast-2","8":"first","9":"instock","10":"shipping-taxable","11":"purchasable","12":"product-type-simple"},"yoast_head":"<!-- This site is optimized with the Yoast SEO plugin v23.4 - https:\/\/yoast.com\/wordpress\/plugins\/seo\/ -->\n<title>Isus u mojem danu - pi\u0161i-bri\u0161i hrvatske narodne molitvice - Speravi<\/title>\n<meta name=\"robots\" content=\"index, follow, max-snippet:-1, max-image-preview:large, max-video-preview:-1\" \/>\n<link rel=\"canonical\" href=\"https:\/\/speravi.com.hr\/index.php\/proizvod\/isus-u-mojem-danu-pisi-brisi-hrvatske-narodne-molitvice\/\" \/>\n<meta property=\"og:locale\" content=\"hr_HR\" \/>\n<meta property=\"og:type\" content=\"article\" \/>\n<meta property=\"og:title\" content=\"Isus u mojem danu - pi\u0161i-bri\u0161i hrvatske narodne molitvice - Speravi\" \/>\n<meta property=\"og:description\" content=\"Pi\u0161i-bri\u0161i slikovnica Isus u mojem danu\u00a0najmla\u0111ima od najmla\u0111ih (od 2. godine do pred\u0161kolskog uzrasta)\u00a0pru\u017ea priliku od prvih dana \u017eivota razvijati molitveni odnos s Bogom, ali i svoje intelektualne sposobnosti te svijest o hrvatskoj jezi\u010dno-kulturnoj ba\u0161tini.\" \/>\n<meta property=\"og:url\" content=\"https:\/\/speravi.com.hr\/index.php\/proizvod\/isus-u-mojem-danu-pisi-brisi-hrvatske-narodne-molitvice\/\" \/>\n<meta property=\"og:site_name\" content=\"Speravi\" \/>\n<meta property=\"article:modified_time\" content=\"2025-11-26T01:16:09+00:00\" \/>\n<meta property=\"og:image\" content=\"https:\/\/speravi.com.hr\/wp-content\/uploads\/2025\/07\/1-Ivo-scaled.jpg\" \/>\n\t<meta property=\"og:image:width\" content=\"1928\" \/>\n\t<meta property=\"og:image:height\" content=\"2560\" \/>\n\t<meta property=\"og:image:type\" content=\"image\/jpeg\" \/>\n<meta name=\"twitter:card\" content=\"summary_large_image\" \/>\n<meta name=\"twitter:label1\" content=\"Procijenjeno vrijeme \u010ditanja\" \/>\n\t<meta name=\"twitter:data1\" content=\"1 minuta\" \/>\n<script type=\"application\/ld+json\" class=\"yoast-schema-graph\">{\"@context\":\"https:\/\/schema.org\",\"@graph\":[{\"@type\":\"WebPage\",\"@id\":\"https:\/\/speravi.com.hr\/index.php\/proizvod\/isus-u-mojem-danu-pisi-brisi-hrvatske-narodne-molitvice\/\",\"url\":\"https:\/\/speravi.com.hr\/index.php\/proizvod\/isus-u-mojem-danu-pisi-brisi-hrvatske-narodne-molitvice\/\",\"name\":\"Isus u mojem danu - pi\u0161i-bri\u0161i hrvatske narodne molitvice - Speravi\",\"isPartOf\":{\"@id\":\"https:\/\/speravi.com.hr\/#website\"},\"primaryImageOfPage\":{\"@id\":\"https:\/\/speravi.com.hr\/index.php\/proizvod\/isus-u-mojem-danu-pisi-brisi-hrvatske-narodne-molitvice\/#primaryimage\"},\"image\":{\"@id\":\"https:\/\/speravi.com.hr\/index.php\/proizvod\/isus-u-mojem-danu-pisi-brisi-hrvatske-narodne-molitvice\/#primaryimage\"},\"thumbnailUrl\":\"https:\/\/speravi.com.hr\/wp-content\/uploads\/2025\/07\/1-Ivo-scaled.jpg\",\"datePublished\":\"2025-07-21T13:35:36+00:00\",\"dateModified\":\"2025-11-26T01:16:09+00:00\",\"breadcrumb\":{\"@id\":\"https:\/\/speravi.com.hr\/index.php\/proizvod\/isus-u-mojem-danu-pisi-brisi-hrvatske-narodne-molitvice\/#breadcrumb\"},\"inLanguage\":\"hr\",\"potentialAction\":[{\"@type\":\"ReadAction\",\"target\":[\"https:\/\/speravi.com.hr\/index.php\/proizvod\/isus-u-mojem-danu-pisi-brisi-hrvatske-narodne-molitvice\/\"]}]},{\"@type\":\"ImageObject\",\"inLanguage\":\"hr\",\"@id\":\"https:\/\/speravi.com.hr\/index.php\/proizvod\/isus-u-mojem-danu-pisi-brisi-hrvatske-narodne-molitvice\/#primaryimage\",\"url\":\"https:\/\/speravi.com.hr\/wp-content\/uploads\/2025\/07\/1-Ivo-scaled.jpg\",\"contentUrl\":\"https:\/\/speravi.com.hr\/wp-content\/uploads\/2025\/07\/1-Ivo-scaled.jpg\",\"width\":1928,\"height\":2560},{\"@type\":\"BreadcrumbList\",\"@id\":\"https:\/\/speravi.com.hr\/index.php\/proizvod\/isus-u-mojem-danu-pisi-brisi-hrvatske-narodne-molitvice\/#breadcrumb\",\"itemListElement\":[{\"@type\":\"ListItem\",\"position\":1,\"name\":\"Po\u010detna stranica\",\"item\":\"https:\/\/speravi.com.hr\/\"},{\"@type\":\"ListItem\",\"position\":2,\"name\":\"Trgovina\",\"item\":\"https:\/\/speravi.com.hr\/index.php\/trgovina\/\"},{\"@type\":\"ListItem\",\"position\":3,\"name\":\"Isus u mojem danu &#8211; pi\u0161i-bri\u0161i hrvatske narodne molitvice\"}]},{\"@type\":\"WebSite\",\"@id\":\"https:\/\/speravi.com.hr\/#website\",\"url\":\"https:\/\/speravi.com.hr\/\",\"name\":\"Speravi\",\"description\":\"U\u010dimo malene da su istinski veliki.\",\"publisher\":{\"@id\":\"https:\/\/speravi.com.hr\/#organization\"},\"potentialAction\":[{\"@type\":\"SearchAction\",\"target\":{\"@type\":\"EntryPoint\",\"urlTemplate\":\"https:\/\/speravi.com.hr\/?s={search_term_string}\"},\"query-input\":{\"@type\":\"PropertyValueSpecification\",\"valueRequired\":true,\"valueName\":\"search_term_string\"}}],\"inLanguage\":\"hr\"},{\"@type\":\"Organization\",\"@id\":\"https:\/\/speravi.com.hr\/#organization\",\"name\":\"Speravi\",\"url\":\"https:\/\/speravi.com.hr\/\",\"logo\":{\"@type\":\"ImageObject\",\"inLanguage\":\"hr\",\"@id\":\"https:\/\/speravi.com.hr\/#\/schema\/logo\/image\/\",\"url\":\"https:\/\/speravi.com.hr\/wp-content\/uploads\/2024\/09\/Speravi-logo.jpg\",\"contentUrl\":\"https:\/\/speravi.com.hr\/wp-content\/uploads\/2024\/09\/Speravi-logo.jpg\",\"width\":695,\"height\":688,\"caption\":\"Speravi\"},\"image\":{\"@id\":\"https:\/\/speravi.com.hr\/#\/schema\/logo\/image\/\"}}]}<\/script>\n<!-- \/ Yoast SEO plugin. -->","yoast_head_json":{"title":"Isus u mojem danu - pi\u0161i-bri\u0161i hrvatske narodne molitvice - Speravi","robots":{"index":"index","follow":"follow","max-snippet":"max-snippet:-1","max-image-preview":"max-image-preview:large","max-video-preview":"max-video-preview:-1"},"canonical":"https:\/\/speravi.com.hr\/index.php\/proizvod\/isus-u-mojem-danu-pisi-brisi-hrvatske-narodne-molitvice\/","og_locale":"hr_HR","og_type":"article","og_title":"Isus u mojem danu - pi\u0161i-bri\u0161i hrvatske narodne molitvice - Speravi","og_description":"Pi\u0161i-bri\u0161i slikovnica Isus u mojem danu\u00a0najmla\u0111ima od najmla\u0111ih (od 2. godine do pred\u0161kolskog uzrasta)\u00a0pru\u017ea priliku od prvih dana \u017eivota razvijati molitveni odnos s Bogom, ali i svoje intelektualne sposobnosti te svijest o hrvatskoj jezi\u010dno-kulturnoj ba\u0161tini.","og_url":"https:\/\/speravi.com.hr\/index.php\/proizvod\/isus-u-mojem-danu-pisi-brisi-hrvatske-narodne-molitvice\/","og_site_name":"Speravi","article_modified_time":"2025-11-26T01:16:09+00:00","og_image":[{"width":1928,"height":2560,"url":"https:\/\/speravi.com.hr\/wp-content\/uploads\/2025\/07\/1-Ivo-scaled.jpg","type":"image\/jpeg"}],"twitter_card":"summary_large_image","twitter_misc":{"Procijenjeno vrijeme \u010ditanja":"1 minuta"},"schema":{"@context":"https:\/\/schema.org","@graph":[{"@type":"WebPage","@id":"https:\/\/speravi.com.hr\/index.php\/proizvod\/isus-u-mojem-danu-pisi-brisi-hrvatske-narodne-molitvice\/","url":"https:\/\/speravi.com.hr\/index.php\/proizvod\/isus-u-mojem-danu-pisi-brisi-hrvatske-narodne-molitvice\/","name":"Isus u mojem danu - pi\u0161i-bri\u0161i hrvatske narodne molitvice - Speravi","isPartOf":{"@id":"https:\/\/speravi.com.hr\/#website"},"primaryImageOfPage":{"@id":"https:\/\/speravi.com.hr\/index.php\/proizvod\/isus-u-mojem-danu-pisi-brisi-hrvatske-narodne-molitvice\/#primaryimage"},"image":{"@id":"https:\/\/speravi.com.hr\/index.php\/proizvod\/isus-u-mojem-danu-pisi-brisi-hrvatske-narodne-molitvice\/#primaryimage"},"thumbnailUrl":"https:\/\/speravi.com.hr\/wp-content\/uploads\/2025\/07\/1-Ivo-scaled.jpg","datePublished":"2025-07-21T13:35:36+00:00","dateModified":"2025-11-26T01:16:09+00:00","breadcrumb":{"@id":"https:\/\/speravi.com.hr\/index.php\/proizvod\/isus-u-mojem-danu-pisi-brisi-hrvatske-narodne-molitvice\/#breadcrumb"},"inLanguage":"hr","potentialAction":[{"@type":"ReadAction","target":["https:\/\/speravi.com.hr\/index.php\/proizvod\/isus-u-mojem-danu-pisi-brisi-hrvatske-narodne-molitvice\/"]}]},{"@type":"ImageObject","inLanguage":"hr","@id":"https:\/\/speravi.com.hr\/index.php\/proizvod\/isus-u-mojem-danu-pisi-brisi-hrvatske-narodne-molitvice\/#primaryimage","url":"https:\/\/speravi.com.hr\/wp-content\/uploads\/2025\/07\/1-Ivo-scaled.jpg","contentUrl":"https:\/\/speravi.com.hr\/wp-content\/uploads\/2025\/07\/1-Ivo-scaled.jpg","width":1928,"height":2560},{"@type":"BreadcrumbList","@id":"https:\/\/speravi.com.hr\/index.php\/proizvod\/isus-u-mojem-danu-pisi-brisi-hrvatske-narodne-molitvice\/#breadcrumb","itemListElement":[{"@type":"ListItem","position":1,"name":"Po\u010detna stranica","item":"https:\/\/speravi.com.hr\/"},{"@type":"ListItem","position":2,"name":"Trgovina","item":"https:\/\/speravi.com.hr\/index.php\/trgovina\/"},{"@type":"ListItem","position":3,"name":"Isus u mojem danu &#8211; pi\u0161i-bri\u0161i hrvatske narodne molitvice"}]},{"@type":"WebSite","@id":"https:\/\/speravi.com.hr\/#website","url":"https:\/\/speravi.com.hr\/","name":"Speravi","description":"U\u010dimo malene da su istinski veliki.","publisher":{"@id":"https:\/\/speravi.com.hr\/#organization"},"potentialAction":[{"@type":"SearchAction","target":{"@type":"EntryPoint","urlTemplate":"https:\/\/speravi.com.hr\/?s={search_term_string}"},"query-input":{"@type":"PropertyValueSpecification","valueRequired":true,"valueName":"search_term_string"}}],"inLanguage":"hr"},{"@type":"Organization","@id":"https:\/\/speravi.com.hr\/#organization","name":"Speravi","url":"https:\/\/speravi.com.hr\/","logo":{"@type":"ImageObject","inLanguage":"hr","@id":"https:\/\/speravi.com.hr\/#\/schema\/logo\/image\/","url":"https:\/\/speravi.com.hr\/wp-content\/uploads\/2024\/09\/Speravi-logo.jpg","contentUrl":"https:\/\/speravi.com.hr\/wp-content\/uploads\/2024\/09\/Speravi-logo.jpg","width":695,"height":688,"caption":"Speravi"},"image":{"@id":"https:\/\/speravi.com.hr\/#\/schema\/logo\/image\/"}}]}},"_links":{"self":[{"href":"https:\/\/speravi.com.hr\/index.php\/wp-json\/wp\/v2\/product\/467","targetHints":{"allow":["GET"]}}],"collection":[{"href":"https:\/\/speravi.com.hr\/index.php\/wp-json\/wp\/v2\/product"}],"about":[{"href":"https:\/\/speravi.com.hr\/index.php\/wp-json\/wp\/v2\/types\/product"}],"replies":[{"embeddable":true,"href":"https:\/\/speravi.com.hr\/index.php\/wp-json\/wp\/v2\/comments?post=467"}],"wp:featuredmedia":[{"embeddable":true,"href":"https:\/\/speravi.com.hr\/index.php\/wp-json\/wp\/v2\/media\/468"}],"wp:attachment":[{"href":"https:\/\/speravi.com.hr\/index.php\/wp-json\/wp\/v2\/media?parent=467"}],"wp:term":[{"taxonomy":"product_cat","embeddable":true,"href":"https:\/\/speravi.com.hr\/index.php\/wp-json\/wp\/v2\/product_cat?post=467"},{"taxonomy":"product_tag","embeddable":true,"href":"https:\/\/speravi.com.hr\/index.php\/wp-json\/wp\/v2\/product_tag?post=467"}],"curies":[{"name":"wp","href":"https:\/\/api.w.org\/{rel}","templated":true}]}}